nits digit of i?
7
What is the tens digit of (-21)/4*(-4928)/48?
3
Let f(v) = 3*v**2 - v + 4. Let r(w) = 2*w**2 - 2*w + 3. Let l(p) = -3*f(p) + 4*r(p). Let a be l(-6). Let k = a - -8. What is the units digit of k?
2
What is the thousands digit of (270 - 59)*(14 + 1)*1?
3
What is the hundreds digit of ((4 - 4) + 2)*(-491)/(-2)?
4
Suppose s + 6 = 2*a, 3*a - 10 = 4*s - 6. Let z be 53/5 + 4/10. Suppose -a*x = -41 - z. What is the tens digit of x?
1
Let n = 30 - 3. Let h = n - 23. What is the units digit of h?
4
Suppose -4*m - 400 = 4*a, -3*a + m - 300 = -2*m. What is the units digit of (-3 - -1 - 0)/(2/a)?
0
Suppose -45*n + 48*n - 15 = 0. Suppose u + 354 = 4*u - z, -n*z - 580 = -5*u. What is the hundreds digit of u?
1
Let d(z) = -6*z + 0*z**3 - 3*z + 8*z**2 + 9 - z**3. Let v be d(6). Suppose -3*i = -2*i + 3*h - v, 5*i + 2*h - 70 = 0. What is the units digit of i?
2
Let h = -163 - -148. Let o(u) = u**3 + 14*u**2 - 19*u + 11. What is the tens digit of o(h)?
7
Let c = 116 + -54. Let q = c + 29. What is the units digit of q?
1
Let d(p) = 57*p**2 - 15*p - 74. What is the hundreds digit of d(-6)?
0
Let a be 1/(-8) + (-100)/(-32). Suppose 5*k - 40 = -a*t + k, k - 75 = -4*t. What is the tens digit of t?
2
Let m = -72 - -74. Suppose -5*y + 1097 = -3*c, m*c - c = y - 219. What is the units digit of y?
0
Let q(l) = 8*l**2 + 3*l + 17. Suppose 6*c - 15*c = 45. What is the units digit of q(c)?
2
Suppose -41*g = -22*g - 16378. What is the hundreds digit of g?
8
Let i(p) = -2*p**2 - 9*p + 7. Let y(m) = m**2 + 9*m - 8. Let t = 15 + -13. Let n(k) = t*i(k) + 3*y(k). What is the units digit of n(6)?
8
Suppose -4*o = -5*a - 0*a - 19, -3*a = -5*o + 27. What is the units digit of (2/o)/((-5)/(-1365))?
1
Let o(w) = w**2 + 4*w + 9. Let q be o(-3). Suppose 0 = q*t - 4*t - 4. Suppose 2*d + t = 80. What is the tens digit of d?
3
Let q(j) be the second derivative of j**5/20 - j**4/2 + 5*j**3/6 - 4*j**2 - 2*j. Let g be q(6). Suppose d - g = -d. What is the units digit of d?
1
Let x(q) = -q**2 + 6*q - 1. Let t be x(5). Suppose -15 = -t*n - p, 0*p - 15 = -3*n + 3*p. Suppose 6*h = n*h + 42. What is the units digit of h?
1
Suppose -5*j - 132 = -382. Suppose -2*v + j = 10. Suppose k + 5*c - 37 = 0, 0 = 2*k - 5*c + v - 94. What is the units digit of k?
7
Suppose 0 = 3*j + 12 - 51. Let i(k) = 3*k + 41. Let n be i(0). Let y = n - j. What is the tens digit of y?
2
Suppose 9*z - 640 = 4*z - 3*t, 600 = 5*z - 5*t. What is the hundreds digit of z?
1
Let o = 16 + 54. What is the hundreds digit of (-30)/o - 2330/(-14)?
1
Let j(w) = w**3 - 7*w**2 - 13*w + 20. Suppose -3*l + 7 + 20 = 0. What is the tens digit of j(l)?
6
Let c(v) = 36*v**2 - 2*v + 7. What is the units digit of c(3)?
5
Suppose -u = 45*y - 42*y - 14262, 3*y - 2*u = 14271. What is the hundreds digit of y?
7
Let n(q) = -q**2 + 9. Let o be n(-3). Suppose o*w - 5*w = 3*m - 1092, 0 = -4*w + 4*m + 880. What is the tens digit of w?
1
Suppose 4*h + 84 + 32 = 0. Let n = 33 + h. What is the units digit of n?
4
Suppose 40 = -3*c - 89. Let h = c - -72. What is the units digit of h?
9
Let w be (-197 - (1 - -1))/1. Let f = 14 - w. What is the tens digit of f?
1
Suppose -5*n + 15 + 5 = 0. Suppose -3 = -d - n*q, -12 = -d + 4*q + q. Suppose 2*t + d = 47. What is the units digit of t?
0
Let c(g) = -g**3 + 34*g**2 + 42*g + 1. What is the thousands digit of c(33)?
2
Let n(j) = j**2 - 7*j - 10. Let t be n(9). Suppose 4*u + 16 = t*u. Suppose -u*k + 194 = 50. What is the tens digit of k?
3
Let g = 108 + -65. Suppose 2*w - 3*t - g = 0, -3*w + 3*t = w - 77. What is the units digit of w?
7
Let r(j) = 2*j - 7. Let s be r(6). Suppose 2*t - 35 = s*v, -t = 4*t + 5*v. Suppose l = -h + 12, 62 + 1 = t*h + 2*l. What is the tens digit of h?
1
Suppose 5*r - 4 = 6*r. Let s be r/(-1 - 3/9). What is the units digit of (-2)/s + 244/6?
0
Let m(x) = -2*x**2 - 20*x + 2. Let y be m(-10). Suppose -400 = -y*z - 3*z. What is the tens digit of z?
8
Let m(z) = -9*z**3 + z**2 - z + 1. Let x(d) = -5*d**3 - d. Let l(a) = -2*m(a) + 5*x(a). What is the units digit of l(-1)?
6
Suppose 0 = -11*j + j + 9020. What is the units digit of j?
2
Suppose 966 - 190 = 8*s. Suppose 4*m + 17 = s. What is the tens digit of m?
2
Let y(u) = 2*u**2 - 14*u + 13. Let j be y(10). Suppose j = 5*l + 3*k - 182, -2*l = 3*k - 111. What is the tens digit of l?
4
Suppose 2*n + n = -v + 11, -4*v = -4*n + 4. Suppose -w + n = -0*w. Suppose -t + w*t = 78. What is the tens digit of t?
3
Suppose 30*y - 6903 = 23727. What is the tens digit of y?
2
Let l(w) be the second derivative of 67*w**5/20 - w**4/12 - w**3/6 + w**2 + 14*w. What is the tens digit of l(1)?
6
Let f = -45 + 33. What is the tens digit of (-1)/(f/(-8))*-18?
1
Let c(m) = 1506*m**2 - 13*m - 5. What is the hundreds digit of c(-1)?
5
Let i be -38*(1 + 18/(-4)). Suppose 0 = -2*n - 4*y - 290, n + i + 21 = y. Let d = -102 - n. What is the tens digit of d?
4
Let t(u) = -14*u**3 - 2*u**2 - 4*u - 18. What is the units digit of t(-4)?
2
What is the units digit of (-48)/(-14)*(108 - -95)?
6
Suppose -4*j = -16, -6 = -5*h + 3*j - 208. What is the tens digit of (-19)/h + 702/4?
7
Let p(q) = q**2 - 2*q - 3. Let z be p(-1). Suppose z = -7*h + 1251 + 296. What is the tens digit of h?
2
Let o be 9/4 + 3/(-2 - 10). Suppose -4*a - a + i = -515, -316 = -3*a + o*i. What is the units digit of a?
2
Let s be 2/7 - (-5)/7. Let h(y) = 60*y**3 + 3*y**2 - 5*y + 3. Let f be h(1). What is the tens digit of f/s - 9/(-3)?
6
Let p = -7086 + 10269. What is the hundreds digit of p?
1
Let j(k) = k**2 - 5. Let t be j(4). Let b(s) = s - 17. Let a(r) = -2*r + 33. Let c(x) = t*b(x) + 6*a(x). What is the units digit of c(5)?
6
Let q(r) = -8*r**2 - 2*r - 1. Let f be q(-1). Let v = -2 - f. Suppose 0 = v*t - 3*t - 2. What is the units digit of t?
1
Let u(j) = -2*j**2 + 5. Let i be u(0). Suppose -g + 2 = 4, 298 = i*t + g. Let a = t - 15. What is the units digit of a?
5
Suppose -3*f = 4*v - 3468, -4*f + 2*v - 4634 = -8*f. Suppose -9*j = -4*j - f. What is the units digit of j?
2
Let w be (-1)/(-9) - 4130/(-90). Suppose 0 = -2*y - 4*q + w, q - 41 = -3*y + 2*q. What is the tens digit of y?
1
Let p(x) be the third derivative of x**5/60 - 7*x**4/24 - 5*x**3/2 + 3*x**2. What is the units digit of p(12)?
5
Let w = -1454 + 3500. What is the units digit of w?
6
Suppose 2*v + y = 2*y + 19, 48 = 5*v - 3*y. Let d be (4/(-1))/(v - 11). Suppose 0 = c + d*c - 57. What is the units digit of c?
9
Suppose -5*h + 8 = 4*n, -4*h + 1 = 2*n - 3. Suppose 52 = 4*x + b - h, 5*x - 65 = -3*b. Suppose -4*v + 3*v = -x. What is the units digit of v?
3
Let o = 1621 + 1835. What is the thousands digit of o?
3
Suppose 2*a - 2*k = 3350, -3*k = -a - 269 + 1936. What is the units digit of a?
9
Let v = 55 - -9. Suppose 4*k + v = -3*m + 204, 0 = 4*m + 2*k - 170. What is the tens digit of m?
4
Let q(w) = -w**3 + 18*w**2 + 23*w - 11. What is the tens digit of q(9)?
2
Suppose -702 = 5*m + 4*m. Let u = m - -235. What is the tens digit of u?
5
Let a(j) = -10*j + 1. Let g be a(-1). Suppose -5*q = g - 21. Suppose -4*w = -u - 130, w - q*u = -w + 68. What is the units digit of w?
2
What is the tens digit of (1624/10)/(53/795)?
3
What is the tens digit of ((-2132)/(-5) + -2)/(14/105)?
8
Suppose 91 + 16 = z - 2*x, -2*z = -x - 208. What is the units digit of z?
3
Let o be 11 + -2*10/(-5). What is the tens digit of (-1040)/(-6) - ((-10)/o)/1?
7
Let v(b) = b**2 - 7*b + 9. Let d be v(6). Suppose 5*p - d*p = 110. What is the units digit of p?
5
Let z = 176 + -100. Suppose -z = -q - 3*q - 2*a, -3*q - 4*a = -67. What is the tens digit of (-2)/q - 614/(-17)?
3
Suppose 0 = 4*g - 219 - 397. What is the tens digit of g?
5
Let n(r) = 5*r**2 + 6*r + 23. What is the tens digit of n(-8)?
9
Let l = 453 + -449. Let g(c) = -9*c**2 + 10*c + 1. Let t(u) = -4*u**2 + 5*u + 1. Let x(m) = 2*g(m) - 5*t(m). What is the units digit of x(l)?
9
Let r be 12/(-9) + 176/6. Let p be (r/(-42))/(2/6). Let h = p - -19. What is the tens digit of h?
1
Suppose -5*y + 23 + 72 = 0. Let w = -17 + y. Suppose -r - w*r = -12. What is the units digit of r?
4
Let m(g) be the second derivative of -g**7/2520 + g**6/45 - g**5/10 + g**4/4 - 10*g. Let b(j) be the third derivative of m(j). What is the tens digit of b(7)?
5
Let u(k) = -3*k**2. Let d(y) = -5*y**2. Let b(g) = -5*d(g) + 8*u(g). Let